{"id":145,"date":"2025-10-21T14:41:23","date_gmt":"2025-10-21T14:41:23","guid":{"rendered":"https:\/\/www.next-expedition.com\/?page_id=145"},"modified":"2026-02-19T13:36:49","modified_gmt":"2026-02-19T13:36:49","slug":"laske-cellules-vides","status":"publish","type":"page","link":"https:\/\/www.next-expedition.com\/index.php\/laske-cellules-vides\/","title":{"rendered":"Laske Cellules Vides"},"content":{"rendered":"\n<h1 class=\"wp-block-heading has-text-align-center\">Cellules vides pour une exp\u00e9rience sur mesure<\/h1>\n\n\n\n<p class=\"has-text-align-center\">Fabriqu\u00e9e en Allemagne \ud83c\udde9\ud83c\uddea<\/p>\n\n\n\n<div style=\"height:100px\" aria-hidden=\"true\" class=\"wp-block-spacer\"><\/div>\n\n\n\n<div class=\"wp-block-media-text has-media-on-the-right is-stacked-on-mobile\"><div class=\"wp-block-media-text__content\">\n<h2 class=\"wp-block-heading\">Adapt\u00e9 \u00e0 vos besoin<\/h2>\n\n\n\n<p>Vous avez des id\u00e9es pr\u00e9cises pour la cabine id\u00e9ale pour vos longs trajets ou pour un v\u00e9hicule de base unique&nbsp;? Parfait&nbsp;! Nous prenons \u00e9galement en compte les besoins sp\u00e9cifiques de nos clients. En \u00e9troite collaboration avec vous, nous d\u00e9veloppons et construisons la cabine id\u00e9ale pour votre v\u00e9hicule de voyage. Nous pouvons r\u00e9aliser des cabines vides ou enti\u00e8rement \u00e9quip\u00e9es.&nbsp;<\/p>\n\n\n\n<p>Nous pouvons \u00e9galement planifier et fabriquer le cadre interm\u00e9diaire et les compartiments de rangement externes sur demande.<\/p>\n<\/div><figure class=\"wp-block-media-text__media\"><img loading=\"lazy\" decoding=\"async\" width=\"1024\" height=\"1024\" src=\"https:\/\/www.next-expedition.com\/wp-content\/uploads\/2025\/10\/Leerkabine-1024x1024.jpg\" alt=\"\" class=\"wp-image-147 size-full\" srcset=\"https:\/\/www.next-expedition.com\/wp-content\/uploads\/2025\/10\/Leerkabine-1024x1024.jpg 1024w, https:\/\/www.next-expedition.com\/wp-content\/uploads\/2025\/10\/Leerkabine-300x300.jpg 300w, https:\/\/www.next-expedition.com\/wp-content\/uploads\/2025\/10\/Leerkabine-150x150.jpg 150w, https:\/\/www.next-expedition.com\/wp-content\/uploads\/2025\/10\/Leerkabine-768x768.jpg 768w, https:\/\/www.next-expedition.com\/wp-content\/uploads\/2025\/10\/Leerkabine-1536x1536.jpg 1536w, https:\/\/www.next-expedition.com\/wp-content\/uploads\/2025\/10\/Leerkabine.jpg 1728w\" sizes=\"auto, (max-width: 1024px) 100vw, 1024px\" \/><\/figure><\/div>\n\n\n\n<div class=\"wp-block-media-text is-stacked-on-mobile\"><figure class=\"wp-block-media-text__media\"><img loading=\"lazy\" decoding=\"async\" width=\"600\" height=\"643\" src=\"https:\/\/www.next-expedition.com\/wp-content\/uploads\/2025\/10\/36f1b36d-e9d0-4004-acbe-28293192df81-600x643.jpeg.webp\" alt=\"\" class=\"wp-image-148 size-full\" srcset=\"https:\/\/www.next-expedition.com\/wp-content\/uploads\/2025\/10\/36f1b36d-e9d0-4004-acbe-28293192df81-600x643.jpeg.webp 600w, https:\/\/www.next-expedition.com\/wp-content\/uploads\/2025\/10\/36f1b36d-e9d0-4004-acbe-28293192df81-600x643.jpeg-280x300.webp 280w\" sizes=\"auto, (max-width: 600px) 100vw, 600px\" \/><\/figure><div class=\"wp-block-media-text__content\">\n<h2 class=\"wp-block-heading\">Savoir-faire technique et pr\u00e9cision<\/h2>\n\n\n\n<p>Lors de la planification de nouvelles cabines, nous utilisons syst\u00e9matiquement des outils num\u00e9riques. Lors de l&rsquo;analyse des besoins, nous vous conseillons sur le choix et la conception des composants. Toutes nos cabines sont ensuite d\u00e9velopp\u00e9es et construites en CAO par nos ing\u00e9nieurs exp\u00e9riment\u00e9s. Un m\u00e9lange optimal de mat\u00e9riaux, des mat\u00e9riaux l\u00e9gers et une conception sophistiqu\u00e9e garantissent une grande rigidit\u00e9 de la cabine et un faible poids du v\u00e9hicule. Gr\u00e2ce \u00e0 des proc\u00e9d\u00e9s de fabrication modernes, \u00e0 nos propres machines CNC et \u00e0 l&rsquo;usinage laser automatis\u00e9 des pi\u00e8ces m\u00e9talliques, nous garantissons une excellente pr\u00e9cision dimensionnelle. Vous pouvez ainsi commencer la fabrication des meubles pour les cabines vides avant m\u00eame que nous ayons termin\u00e9 et livr\u00e9 votre cabine.&nbsp;<\/p>\n<\/div><\/div>\n\n\n\n<div class=\"wp-block-columns is-layout-flex wp-container-core-columns-is-layout-28f84493 wp-block-columns-is-layout-flex\">\n<div class=\"wp-block-column is-layout-flow wp-block-column-is-layout-flow\">\n<div style=\"height:34px\" aria-hidden=\"true\" class=\"wp-block-spacer\"><\/div>\n\n\n\n<h2 class=\"wp-block-heading\">Toit relevable<\/h2>\n\n\n\n<p>Sur demande, nous pouvons \u00e9quiper votre cabine d&rsquo;un toit relevable \u00e9lectrique \u00e0 parois pleines. Ce toit permet des dimensions compactes et un centre de gravit\u00e9 bas pendant la conduite. Une fois d\u00e9ploy\u00e9, il offre de superbes possibilit\u00e9s d&rsquo;am\u00e9nagement int\u00e9rieur, une sensation d&rsquo;espace g\u00e9n\u00e9reuse et un confort optimal.<\/p>\n<\/div>\n\n\n\n<div class=\"wp-block-column is-layout-flow wp-block-column-is-layout-flow\">\n<figure class=\"wp-block-video\"><video height=\"1080\" style=\"aspect-ratio: 1920 \/ 1080;\" width=\"1920\" autoplay loop muted src=\"https:\/\/www.next-expedition.com\/wp-content\/uploads\/2025\/10\/30second-long-version-no-zoom.mp4\"><\/video><\/figure>\n<\/div>\n<\/div>\n\n\n\n<div class=\"wp-block-media-text is-stacked-on-mobile\"><figure class=\"wp-block-media-text__media\"><img loading=\"lazy\" decoding=\"async\" width=\"600\" height=\"394\" src=\"https:\/\/www.next-expedition.com\/wp-content\/uploads\/2025\/10\/Leerkabine_individuell-600x394.jpg.webp\" alt=\"\" class=\"wp-image-150 size-full\" srcset=\"https:\/\/www.next-expedition.com\/wp-content\/uploads\/2025\/10\/Leerkabine_individuell-600x394.jpg.webp 600w, https:\/\/www.next-expedition.com\/wp-content\/uploads\/2025\/10\/Leerkabine_individuell-600x394.jpg-300x197.webp 300w\" sizes=\"auto, (max-width: 600px) 100vw, 600px\" \/><\/figure><div class=\"wp-block-media-text__content\">\n<h2 class=\"wp-block-heading\">Individuellement<\/h2>\n\n\n\n<p>Bien entendu, nous pouvons \u00e9galement construire une cabine parfaitement adapt\u00e9e \u00e0 vos besoins sur la base de vos dessins et sp\u00e9cifications.<\/p>\n<\/div><\/div>\n\n\n\n<div class=\"wp-block-media-text has-media-on-the-right is-stacked-on-mobile\"><div class=\"wp-block-media-text__content\">\n<h2 class=\"wp-block-heading\">\u00c9quipement technique<\/h2>\n\n\n\n<p>Vous souhaitez monter le mobilier vous-m\u00eame, mais avez besoin d&rsquo;aide pour l&rsquo;installation \u00e9lectrique ? Aucun probl\u00e8me ! Selon vos besoins, nous pouvons vous proposer une cabine vide, partiellement \u00e9quip\u00e9e ou enti\u00e8rement \u00e9quip\u00e9e. Contactez-nous ! Bien entendu, nous serons \u00e9galement disponibles pour vous conseiller et vous accompagner apr\u00e8s la construction de la cabine.<\/p>\n<\/div><figure class=\"wp-block-media-text__media\"><img loading=\"lazy\" decoding=\"async\" width=\"600\" height=\"400\" src=\"https:\/\/www.next-expedition.com\/wp-content\/uploads\/2025\/10\/DSC02906-600x400.jpeg.webp\" alt=\"\" class=\"wp-image-151 size-full\" srcset=\"https:\/\/www.next-expedition.com\/wp-content\/uploads\/2025\/10\/DSC02906-600x400.jpeg.webp 600w, https:\/\/www.next-expedition.com\/wp-content\/uploads\/2025\/10\/DSC02906-600x400.jpeg-300x200.webp 300w\" sizes=\"auto, (max-width: 600px) 100vw, 600px\" \/><\/figure><\/div>\n\n\n\n<div style=\"height:100px\" aria-hidden=\"true\" class=\"wp-block-spacer\"><\/div>\n","protected":false},"excerpt":{"rendered":"<p>Cellules vides pour une exp\u00e9rience sur mesure Fabriqu\u00e9e en Allemagne \ud83c\udde9\ud83c\uddea Adapt\u00e9 \u00e0 vos besoin Vous avez des id\u00e9es pr\u00e9cises [&hellip;]<\/p>\n","protected":false},"author":1,"featured_media":0,"parent":0,"menu_order":0,"comment_status":"closed","ping_status":"closed","template":"","meta":{"site-sidebar-layout":"default","site-content-layout":"","ast-site-content-layout":"default","site-content-style":"default","site-sidebar-style":"default","ast-global-header-display":"","ast-banner-title-visibility":"","ast-main-header-display":"","ast-hfb-above-header-display":"","ast-hfb-below-header-display":"","ast-hfb-mobile-header-display":"","site-post-title":"disabled","ast-breadcrumbs-content":"","ast-featured-img":"","footer-sml-layout":"","ast-disable-related-posts":"","theme-transparent-header-meta":"","adv-header-id-meta":"","stick-header-meta":"","header-above-stick-meta":"","header-main-stick-meta":"","header-below-stick-meta":"","astra-migrate-meta-layouts":"default","ast-page-background-enabled":"default","ast-page-background-meta":{"desktop":{"background-color":"var(--ast-global-color-5)","background-image":"","background-repeat":"repeat","background-position":"center center","background-size":"auto","background-attachment":"scroll","background-type":"","background-media":"","overlay-type":"","overlay-color":"","overlay-opacity":"","overlay-gradient":""},"tablet":{"background-color":"","background-image":"","background-repeat":"repeat","background-position":"center center","background-size":"auto","background-attachment":"scroll","background-type":"","background-media":"","overlay-type":"","overlay-color":"","overlay-opacity":"","overlay-gradient":""},"mobile":{"background-color":"","background-image":"","background-repeat":"repeat","background-position":"center center","background-size":"auto","background-attachment":"scroll","background-type":"","background-media":"","overlay-type":"","overlay-color":"","overlay-opacity":"","overlay-gradient":""}},"ast-content-background-meta":{"desktop":{"background-color":"var(--ast-global-color-4)","background-image":"","background-repeat":"repeat","background-position":"center center","background-size":"auto","background-attachment":"scroll","background-type":"","background-media":"","overlay-type":"","overlay-color":"","overlay-opacity":"","overlay-gradient":""},"tablet":{"background-color":"var(--ast-global-color-4)","background-image":"","background-repeat":"repeat","background-position":"center center","background-size":"auto","background-attachment":"scroll","background-type":"","background-media":"","overlay-type":"","overlay-color":"","overlay-opacity":"","overlay-gradient":""},"mobile":{"background-color":"var(--ast-global-color-4)","background-image":"","background-repeat":"repeat","background-position":"center center","background-size":"auto","background-attachment":"scroll","background-type":"","background-media":"","overlay-type":"","overlay-color":"","overlay-opacity":"","overlay-gradient":""}},"footnotes":""},"class_list":["post-145","page","type-page","status-publish","hentry"],"_links":{"self":[{"href":"https:\/\/www.next-expedition.com\/index.php\/wp-json\/wp\/v2\/pages\/145","targetHints":{"allow":["GET"]}}],"collection":[{"href":"https:\/\/www.next-expedition.com\/index.php\/wp-json\/wp\/v2\/pages"}],"about":[{"href":"https:\/\/www.next-expedition.com\/index.php\/wp-json\/wp\/v2\/types\/page"}],"author":[{"embeddable":true,"href":"https:\/\/www.next-expedition.com\/index.php\/wp-json\/wp\/v2\/users\/1"}],"replies":[{"embeddable":true,"href":"https:\/\/www.next-expedition.com\/index.php\/wp-json\/wp\/v2\/comments?post=145"}],"version-history":[{"count":5,"href":"https:\/\/www.next-expedition.com\/index.php\/wp-json\/wp\/v2\/pages\/145\/revisions"}],"predecessor-version":[{"id":359,"href":"https:\/\/www.next-expedition.com\/index.php\/wp-json\/wp\/v2\/pages\/145\/revisions\/359"}],"wp:attachment":[{"href":"https:\/\/www.next-expedition.com\/index.php\/wp-json\/wp\/v2\/media?parent=145"}],"curies":[{"name":"wp","href":"https:\/\/api.w.org\/{rel}","templated":true}]}}